is the tens digit of 3060?
6
What is the thousands digit of 69825?
9
What is the tens digit of 22847?
4
What is the hundreds digit of 120?
1
What is the units digit of 782?
2
What is the tens digit of 5818?
1
What is the ten thousands digit of 53406?
5
What is the units digit of 994?
4
What is the hundreds digit of 1059?
0
What is the ten thousands digit of 38137?
3
What is the thousands digit of 4169?
4
What is the thousands digit of 1900?
1
What is the tens digit of 5723?
2
What is the tens digit of 18826?
2
What is the units digit of 1940?
0
What is the hundreds digit of 1145?
1
What is the hundreds digit of 3396?
3
What is the thousands digit of 6985?
6
What is the ten thousands digit of 33465?
3
What is the units digit of 5163?
3
What is the tens digit of 342?
4
What is the tens digit of 2164?
6
What is the thousands digit of 3684?
3
What is the ten thousands digit of 49885?
4
What is the hundreds digit of 99543?
5
What is the tens digit of 27149?
4
What is the units digit of 327?
7
What is the thousands digit of 1149?
1
What is the thousands digit of 9726?
9
What is the thousands digit of 69331?
9
What is the hundreds digit of 318?
3
What is the tens digit of 10143?
4
What is the thousands digit of 1392?
1
What is the units digit of 4260?
0
What is the hundreds digit of 97904?
9
What is the units digit of 6653?
3
What is the hundreds digit of 59665?
6
What is the hundreds digit of 727?
7
What is the hundreds digit of 6592?
5
What is the tens digit of 5894?
9
What is the hundreds digit of 2787?
7
What is the units digit of 4019?
9
What is the thousands digit of 19620?
9
What is the units digit of 617?
7
What is the hundreds digit of 1576?
5
What is the tens digit of 1425?
2
What is the hundreds digit of 16793?
7
What is the tens digit of 879?
7
What is the thousands digit of 55056?
5
What is the tens digit of 16740?
4
What is the tens digit of 176791?
9
What is the units digit of 1360?
0
What is the tens digit of 2047?
4
What is the hundreds digit of 2571?
5
What is the hundreds digit of 946?
9
What is the units digit of 149?
9
What is the units digit of 828?
8
What is the units digit of 9439?
9
What is the tens digit of 7107?
0
What is the hundreds digit of 7156?
1
What is the tens digit of 3806?
0
What is the units digit of 117107?
7
What is the hundreds digit of 2423?
4
What is the hundreds digit of 234?
2
What is the thousands digit of 12087?
2
What is the ten thousands digit of 10281?
1
What is the hundreds digit of 6239?
2
What is the units digit of 150?
0
What is the hundreds digit of 326?
3
What is the tens digit of 12969?
6
What is the thousands digit of 1312?
1
What is the units digit of 30281?
1
What is the tens digit of 1287?
8
What is the hundreds digit of 4980?
9
What is the hundreds digit of 119?
1
What is the hundreds digit of 5059?
0
What is the thousands digit of 2541?
2
What is the units digit of 18360?
0
What is the hundreds digit of 36019?
0
What is the hundreds digit of 1094?
0
What is the units digit of 1036?
6
What is the thousands digit of 5152?
5
What is the units digit of 22960?
0
What is the ten thousands digit of 72468?
7
What is the units digit of 578?
8
What is the tens digit of 7600?
0
What is the hundreds digit of 24393?
3
What is the tens digit of 1861?
6
What is the ten thousands digit of 17949?
1
What is the tens digit of 7053?
5
What is the units digit of 9249?
9
What is the units digit of 6932?
2
What is the units digit of 26457?
7
What is the ten thousands digit of 52907?
5
What is the thousands digit of 1067?
1
What is the tens digit of 1545?
4
What is the units digit of 3953?
3
What is the units digit of 2417?
7
What is the hundreds digit of 1150?
1
What is the thousands digit of 3659?
3
What is the tens digit of 27848?
4
What is the tens digit of 1381?
8
What is the tens digit of 10606?
0
What is the hundreds digit of 579?
5
What is the hundreds digit of 15734?
7
What is the tens digit of 59?
5
What is the units digit of 531?
1
What is the tens digit of 156?
5
What is the thousands digit of 55655?
5
What is the thousands digit of 1828?
1
What is the units digit of 8673?
3
What is the thousands digit of 16103?
6
What is the units digit of 4540?
0
What is the hundreds digit of 50347?
3
What is the units digit of 4565?
5
What is the hundreds digit of 7025?
0
What is the ten thousands digit of 123884?
2
What is the thousands digit of 21050?
1
What is the tens digit of 499?
9
What is the units digit of 25882?
2
What is the hundreds digit of 5074?
0
What is the ten thousands digit of 13234?
1
What is the hundreds digit of 2828?
8
What is the thousands digit of 1002?
1
What is the ten thousands digit of 15475?
1
What is the ten thousands digit of 10147?
1
What is the thousands digit of 2307?
2
What is the units digit of 7920?
0
What is the hundreds digit of 1219?
2
What is the hundreds digit of 4085?
0
What is the hundreds digit of 421?
4
What is the tens digit of 3289?
8
What is the hundreds digit of 2373?
3
What is the thousands digit of 11006?
1
What is the hundreds digit of 2004?
0
What is the thousands digit of 5405?
5
What is the ten thousands digit of 53094?
5
What is the hundreds digit of 9113?
1
What is the hundreds digit of 1065?
0
What is the hundreds digit of 24769?
7
What is the tens digit of 612?
1
What is the hundreds digit of 11558?
5
What is the units digit of 255?
5
What is the thousands digit of 2787?
2
What is the thousands digit of 6838?
6
What is the units digit of 691?
1
What is the hundreds digit of 662?
6
What is the tens digit of 37276?
7
What is the ten thousands digit of 23523?
2
What is the hundreds digit of 1812?
8
What is the ten thousands digit of 53722?
5
What is the tens digit of 440?
4
What is the tens digit of 10976?
7
What is the hundred thousands digit of 208499?
2
What is the thousands digit of 2275?
2
What is the units digit of 6181?
1
What is the hundreds digit of 494?
4
What is the hundreds digit of 6495?
4
What is the thousands digit of 75805?
5
What is the hundreds digit of 1978?
9
What is the units digit of 1697?
7
What is the ten thousands digit of 31777?
3
What is the ten thousands digit of 19074?
1
What is the units digit of 25759?
9
What is the thousands digit of 10482?
0
What is the hundreds digit of 3872?
8
What is the tens digit of 306?
0
What is the tens digit of 3182?
8
What is the thousands digit of 91355?
1
What is the tens digit of 3299?
9
What is the units digit of 95?
5
What is the units digit of 1479?
9
What is the tens digit of 403?
0
What is the hundreds digit of 487?
4
What is the tens digit of 1513?
1
What is the hundreds digit of 105034?
0
What is the thousands digit of 2981?
2
What is the hundreds digit of 6031?
0
What is the tens digit of 1368?
6
What is the units digit of 100986?
6
What is the hundreds digit of 1741?
7
What is the thousands digit of 1286?
1
What is the thousands digit of 68087?
8
What is the tens digit of 6050?
5
What is the units digit of 6265?
5
What is the units digit of 370?
0
What is the tens digit of 164097?
9
What is the units digit of 2?
2
What is the units digit of 4390?
0
What is the units digit of 13576?
6
What is the hundreds digit of 929?
9
What is the hundreds digit of 545?
5
What is the units digit of 43549?
9
What is the hundreds digit of 29912?
9
What is the hundreds digit of 3384?
3
What is the hundreds digit of 14387?
3
What is the hundreds digit of 12943?
9
What is the tens digit of 3579?
7
What is the thousands digit of 25589?
5
What is the units digit of 366?
6
What is the hundreds digit of 96912?
9
What is the thousands digit of 8702?
8
What is the hundreds digit of 2349?
3
What is the tens digit of 1337?
3
What is the tens digit of 11486?
8
What is the hundreds digit of 3770?
7
What is the tens digit of 37080?
8
What is the units digit of 92?
2
What is the ten thousands digit of 33400?
3
What is the units digit of 975?
5
What is the thousands digit of 7174?
7
What is the hundreds digit of 4152?
1
What is the tens digit of 3838?
3
What is the tens digit of 838?
3
What is the hundreds digit of 2107?
1
What is the hundreds digit of 56180?
1
What is the thousands digit of 5177?
5
What is the units digit of 319?
9
What is the tens digit of 9475?
7
What is the units digit of 9876?
6
What is the uni